{"id":226,"date":"2023-06-23T11:11:43","date_gmt":"2023-06-23T09:11:43","guid":{"rendered":"https:\/\/ridegravel.ch\/transjura\/?page_id=226"},"modified":"2026-04-02T14:07:55","modified_gmt":"2026-04-02T12:07:55","slug":"contact","status":"publish","type":"page","link":"https:\/\/ridegravel.ch\/transjura\/fr\/contact\/","title":{"rendered":"Contact"},"content":{"rendered":"\r\n<p><strong>crossroads Event &amp; Kommunikation GmbH<\/strong><br \/>Ehrendingerstrasse 70<br \/>5408 Ennetbaden<\/p>\r\n<p><a href=\"m&#97;&#105;&#x6c;&#x74;o:&#105;&#110;&#x66;&#x6f;&#64;r&#105;&#100;&#x65;&#x67;ra&#118;&#x65;&#x6c;&#x2e;c&#104;\">&#105;&#x6e;&#102;&#x6f;&#64;&#x72;&#105;&#x64;e&#x67;r&#x61;v&#x65;l&#46;&#x63;&#104;<\/a><\/p>\r\n<p>&nbsp;<\/p>\r\n<h3>Inscription \u00e0 la newsletter:<\/h3>\r\n<p>La Gravel Trans Jura ou la Gravel Trans Jura Individual t&#8217;int\u00e9ressent ? Inscris-toi \u00e0 la newsletter pour rester inform\u00e9.<br \/>                <div class=\"ml-embedded\" data-form=\"rzVDcO\"><\/div>\n            <\/p>\r\n","protected":false},"excerpt":{"rendered":"<p>Contacte-nous \u2013 nous attendons ton message avec impatience ! <\/p>\n","protected":false},"author":1026,"featured_media":139,"parent":0,"menu_order":100,"comment_status":"closed","ping_status":"open","template":"page-templates\/page-full-width-image.php","meta":{"_acf_changed":false,"footnotes":""},"categories":[],"tags":[],"class_list":["post-226","page","type-page","status-publish","has-post-thumbnail","hentry"],"acf":[],"lang":"fr","translations":{"fr":226,"de":2,"en":222},"pll_sync_post":[],"_links":{"self":[{"href":"https:\/\/ridegravel.ch\/transjura\/wp-json\/wp\/v2\/pages\/226","targetHints":{"allow":["GET"]}}],"collection":[{"href":"https:\/\/ridegravel.ch\/transjura\/wp-json\/wp\/v2\/pages"}],"about":[{"href":"https:\/\/ridegravel.ch\/transjura\/wp-json\/wp\/v2\/types\/page"}],"author":[{"embeddable":true,"href":"https:\/\/ridegravel.ch\/transjura\/wp-json\/wp\/v2\/users\/1026"}],"replies":[{"embeddable":true,"href":"https:\/\/ridegravel.ch\/transjura\/wp-json\/wp\/v2\/comments?post=226"}],"version-history":[{"count":3,"href":"https:\/\/ridegravel.ch\/transjura\/wp-json\/wp\/v2\/pages\/226\/revisions"}],"predecessor-version":[{"id":4567,"href":"https:\/\/ridegravel.ch\/transjura\/wp-json\/wp\/v2\/pages\/226\/revisions\/4567"}],"wp:featuredmedia":[{"embeddable":true,"href":"https:\/\/ridegravel.ch\/transjura\/wp-json\/wp\/v2\/media\/139"}],"wp:attachment":[{"href":"https:\/\/ridegravel.ch\/transjura\/wp-json\/wp\/v2\/media?parent=226"}],"wp:term":[{"taxonomy":"category","embeddable":true,"href":"https:\/\/ridegravel.ch\/transjura\/wp-json\/wp\/v2\/categories?post=226"},{"taxonomy":"post_tag","embeddable":true,"href":"https:\/\/ridegravel.ch\/transjura\/wp-json\/wp\/v2\/tags?post=226"}],"curies":[{"name":"wp","href":"https:\/\/api.w.org\/{rel}","templated":true}]}}